{"id":154,"date":"2021-03-11T16:43:04","date_gmt":"2021-03-11T16:43:04","guid":{"rendered":"https:\/\/www.cssigniter.com\/demos\/spencer\/?page_id=122"},"modified":"2022-09-14T16:07:27","modified_gmt":"2022-09-14T16:07:27","slug":"quien-soy","status":"publish","type":"page","link":"https:\/\/www.susanalinares.com\/index.php\/quien-soy\/","title":{"rendered":"Qui\u00e9n soy"},"content":{"rendered":"\n<h2 id=\"block-08930f-8731-43\" class=\"wp-block-gutenbee-heading block-08930f-8731-43\">conoceME<\/h2>\n\n\n\n<p id=\"block-693c2a-de2b-48\" class=\"wp-block-gutenbee-paragraph block-693c2a-de2b-48\">Soy Susana Linares Gonz\u00e1lez, primera mujer que consigui\u00f3 despu\u00e9s de varias operaciones tener un cuerpo adaptado a lo que soy, una mujer. Y primera mujer transgenero en Espa\u00f1a que logro la primera sentencia en el juzgado de Pradillo en Madrid, en Lizgado n\u00famero 1 de Primera instancia, en La Audiencia Nacional despu\u00e9s y en el Supremo reconociendome como mujer .<\/p><style>.wp-block-gutenbee-paragraph.block-693c2a-de2b-48 { margin-bottom: 15px; }<\/style>\n\n\n\n<p id=\"block-f72371-4762-49\" class=\"wp-block-gutenbee-paragraph block-f72371-4762-49\"><\/p><style>.wp-block-gutenbee-paragraph.block-f72371-4762-49 { margin-bottom: 15px; }<\/style>\n\n\n\n<p id=\"block-e271f0-022b-44\" class=\"wp-block-gutenbee-paragraph block-e271f0-022b-44\">Susana Linares Gonz\u00e1lez<\/p><style>.wp-block-gutenbee-paragraph.block-e271f0-022b-44 { margin-bottom: 15px; }<\/style>\n","protected":false},"excerpt":{"rendered":"<p>Soy Susana Linares Gonz\u00e1lez, primera mujer que consigui\u00f3 despu\u00e9s de varias operaciones tener un cuerpo adaptado a lo que soy, una mujer. Y primera mujer transgenero en Espa\u00f1a que logro la primera sentencia en el [&hellip;]<\/p>\n","protected":false},"author":1,"featured_media":268,"parent":0,"menu_order":0,"comment_status":"closed","ping_status":"closed","template":"","meta":{"_monsterinsights_skip_tracking":false,"_monsterinsights_sitenote_active":false,"_monsterinsights_sitenote_note":"","_monsterinsights_sitenote_category":0,"footnotes":""},"class_list":["post-154","page","type-page","status-publish","has-post-thumbnail","hentry"],"yoast_head":"<!-- This site is optimized with the Yoast SEO plugin v27.2 - https:\/\/yoast.com\/product\/yoast-seo-wordpress\/ -->\n<title>Qui\u00e9n soy - Susana Linares Gonzalez<\/title>\n<meta name=\"robots\" content=\"index, follow, max-snippet:-1, max-image-preview:large, max-video-preview:-1\" \/>\n<link rel=\"canonical\" href=\"https:\/\/www.susanalinares.com\/index.php\/quien-soy\/\" \/>\n<meta property=\"og:locale\" content=\"es_ES\" \/>\n<meta property=\"og:type\" content=\"article\" \/>\n<meta property=\"og:title\" content=\"Qui\u00e9n soy - Susana Linares Gonzalez\" \/>\n<meta property=\"og:description\" content=\"Soy Susana Linares Gonz\u00e1lez, primera mujer que consigui\u00f3 despu\u00e9s de varias operaciones tener un cuerpo adaptado a lo que soy, una mujer. Y primera mujer transgenero en Espa\u00f1a que logro la primera sentencia en el [&hellip;]\" \/>\n<meta property=\"og:url\" content=\"https:\/\/www.susanalinares.com\/index.php\/quien-soy\/\" \/>\n<meta property=\"og:site_name\" content=\"Susana Linares Gonzalez\" \/>\n<meta property=\"article:modified_time\" content=\"2022-09-14T16:07:27+00:00\" \/>\n<meta property=\"og:image\" content=\"https:\/\/www.susanalinares.com\/wp-content\/uploads\/2022\/06\/7952.jpg\" \/>\n\t<meta property=\"og:image:width\" content=\"1024\" \/>\n\t<meta property=\"og:image:height\" content=\"680\" \/>\n\t<meta property=\"og:image:type\" content=\"image\/jpeg\" \/>\n<meta name=\"twitter:card\" content=\"summary_large_image\" \/>\n<meta name=\"twitter:label1\" content=\"Tiempo de lectura\" \/>\n\t<meta name=\"twitter:data1\" content=\"1 minuto\" \/>\n<script type=\"application\/ld+json\" class=\"yoast-schema-graph\">{\"@context\":\"https:\/\/schema.org\",\"@graph\":[{\"@type\":\"WebPage\",\"@id\":\"https:\/\/www.susanalinares.com\/index.php\/quien-soy\/\",\"url\":\"https:\/\/www.susanalinares.com\/index.php\/quien-soy\/\",\"name\":\"Qui\u00e9n soy - Susana Linares Gonzalez\",\"isPartOf\":{\"@id\":\"https:\/\/www.susanalinares.com\/#website\"},\"primaryImageOfPage\":{\"@id\":\"https:\/\/www.susanalinares.com\/index.php\/quien-soy\/#primaryimage\"},\"image\":{\"@id\":\"https:\/\/www.susanalinares.com\/index.php\/quien-soy\/#primaryimage\"},\"thumbnailUrl\":\"https:\/\/www.susanalinares.com\/wp-content\/uploads\/2022\/06\/7952.jpg\",\"datePublished\":\"2021-03-11T16:43:04+00:00\",\"dateModified\":\"2022-09-14T16:07:27+00:00\",\"breadcrumb\":{\"@id\":\"https:\/\/www.susanalinares.com\/index.php\/quien-soy\/#breadcrumb\"},\"inLanguage\":\"es\",\"potentialAction\":[{\"@type\":\"ReadAction\",\"target\":[\"https:\/\/www.susanalinares.com\/index.php\/quien-soy\/\"]}]},{\"@type\":\"ImageObject\",\"inLanguage\":\"es\",\"@id\":\"https:\/\/www.susanalinares.com\/index.php\/quien-soy\/#primaryimage\",\"url\":\"https:\/\/www.susanalinares.com\/wp-content\/uploads\/2022\/06\/7952.jpg\",\"contentUrl\":\"https:\/\/www.susanalinares.com\/wp-content\/uploads\/2022\/06\/7952.jpg\",\"width\":1024,\"height\":680},{\"@type\":\"BreadcrumbList\",\"@id\":\"https:\/\/www.susanalinares.com\/index.php\/quien-soy\/#breadcrumb\",\"itemListElement\":[{\"@type\":\"ListItem\",\"position\":1,\"name\":\"Portada\",\"item\":\"https:\/\/www.susanalinares.com\/\"},{\"@type\":\"ListItem\",\"position\":2,\"name\":\"Qui\u00e9n soy\"}]},{\"@type\":\"WebSite\",\"@id\":\"https:\/\/www.susanalinares.com\/#website\",\"url\":\"https:\/\/www.susanalinares.com\/\",\"name\":\"Susana Linares Gonzalez\",\"description\":\"Emprendedora pionera LGTBI\",\"publisher\":{\"@id\":\"https:\/\/www.susanalinares.com\/#organization\"},\"potentialAction\":[{\"@type\":\"SearchAction\",\"target\":{\"@type\":\"EntryPoint\",\"urlTemplate\":\"https:\/\/www.susanalinares.com\/?s={search_term_string}\"},\"query-input\":{\"@type\":\"PropertyValueSpecification\",\"valueRequired\":true,\"valueName\":\"search_term_string\"}}],\"inLanguage\":\"es\"},{\"@type\":\"Organization\",\"@id\":\"https:\/\/www.susanalinares.com\/#organization\",\"name\":\"Susana Linares Gonzalez\",\"url\":\"https:\/\/www.susanalinares.com\/\",\"logo\":{\"@type\":\"ImageObject\",\"inLanguage\":\"es\",\"@id\":\"https:\/\/www.susanalinares.com\/#\/schema\/logo\/image\/\",\"url\":\"https:\/\/www.susanalinares.com\/wp-content\/uploads\/2022\/06\/cropped-cropped-cropped-susanalogo-e1654514063715.jpg\",\"contentUrl\":\"https:\/\/www.susanalinares.com\/wp-content\/uploads\/2022\/06\/cropped-cropped-cropped-susanalogo-e1654514063715.jpg\",\"width\":115,\"height\":115,\"caption\":\"Susana Linares Gonzalez\"},\"image\":{\"@id\":\"https:\/\/www.susanalinares.com\/#\/schema\/logo\/image\/\"}}]}<\/script>\n<!-- \/ Yoast SEO plugin. -->","yoast_head_json":{"title":"Qui\u00e9n soy - Susana Linares Gonzalez","robots":{"index":"index","follow":"follow","max-snippet":"max-snippet:-1","max-image-preview":"max-image-preview:large","max-video-preview":"max-video-preview:-1"},"canonical":"https:\/\/www.susanalinares.com\/index.php\/quien-soy\/","og_locale":"es_ES","og_type":"article","og_title":"Qui\u00e9n soy - Susana Linares Gonzalez","og_description":"Soy Susana Linares Gonz\u00e1lez, primera mujer que consigui\u00f3 despu\u00e9s de varias operaciones tener un cuerpo adaptado a lo que soy, una mujer. Y primera mujer transgenero en Espa\u00f1a que logro la primera sentencia en el [&hellip;]","og_url":"https:\/\/www.susanalinares.com\/index.php\/quien-soy\/","og_site_name":"Susana Linares Gonzalez","article_modified_time":"2022-09-14T16:07:27+00:00","og_image":[{"width":1024,"height":680,"url":"https:\/\/www.susanalinares.com\/wp-content\/uploads\/2022\/06\/7952.jpg","type":"image\/jpeg"}],"twitter_card":"summary_large_image","twitter_misc":{"Tiempo de lectura":"1 minuto"},"schema":{"@context":"https:\/\/schema.org","@graph":[{"@type":"WebPage","@id":"https:\/\/www.susanalinares.com\/index.php\/quien-soy\/","url":"https:\/\/www.susanalinares.com\/index.php\/quien-soy\/","name":"Qui\u00e9n soy - Susana Linares Gonzalez","isPartOf":{"@id":"https:\/\/www.susanalinares.com\/#website"},"primaryImageOfPage":{"@id":"https:\/\/www.susanalinares.com\/index.php\/quien-soy\/#primaryimage"},"image":{"@id":"https:\/\/www.susanalinares.com\/index.php\/quien-soy\/#primaryimage"},"thumbnailUrl":"https:\/\/www.susanalinares.com\/wp-content\/uploads\/2022\/06\/7952.jpg","datePublished":"2021-03-11T16:43:04+00:00","dateModified":"2022-09-14T16:07:27+00:00","breadcrumb":{"@id":"https:\/\/www.susanalinares.com\/index.php\/quien-soy\/#breadcrumb"},"inLanguage":"es","potentialAction":[{"@type":"ReadAction","target":["https:\/\/www.susanalinares.com\/index.php\/quien-soy\/"]}]},{"@type":"ImageObject","inLanguage":"es","@id":"https:\/\/www.susanalinares.com\/index.php\/quien-soy\/#primaryimage","url":"https:\/\/www.susanalinares.com\/wp-content\/uploads\/2022\/06\/7952.jpg","contentUrl":"https:\/\/www.susanalinares.com\/wp-content\/uploads\/2022\/06\/7952.jpg","width":1024,"height":680},{"@type":"BreadcrumbList","@id":"https:\/\/www.susanalinares.com\/index.php\/quien-soy\/#breadcrumb","itemListElement":[{"@type":"ListItem","position":1,"name":"Portada","item":"https:\/\/www.susanalinares.com\/"},{"@type":"ListItem","position":2,"name":"Qui\u00e9n soy"}]},{"@type":"WebSite","@id":"https:\/\/www.susanalinares.com\/#website","url":"https:\/\/www.susanalinares.com\/","name":"Susana Linares Gonzalez","description":"Emprendedora pionera LGTBI","publisher":{"@id":"https:\/\/www.susanalinares.com\/#organization"},"potentialAction":[{"@type":"SearchAction","target":{"@type":"EntryPoint","urlTemplate":"https:\/\/www.susanalinares.com\/?s={search_term_string}"},"query-input":{"@type":"PropertyValueSpecification","valueRequired":true,"valueName":"search_term_string"}}],"inLanguage":"es"},{"@type":"Organization","@id":"https:\/\/www.susanalinares.com\/#organization","name":"Susana Linares Gonzalez","url":"https:\/\/www.susanalinares.com\/","logo":{"@type":"ImageObject","inLanguage":"es","@id":"https:\/\/www.susanalinares.com\/#\/schema\/logo\/image\/","url":"https:\/\/www.susanalinares.com\/wp-content\/uploads\/2022\/06\/cropped-cropped-cropped-susanalogo-e1654514063715.jpg","contentUrl":"https:\/\/www.susanalinares.com\/wp-content\/uploads\/2022\/06\/cropped-cropped-cropped-susanalogo-e1654514063715.jpg","width":115,"height":115,"caption":"Susana Linares Gonzalez"},"image":{"@id":"https:\/\/www.susanalinares.com\/#\/schema\/logo\/image\/"}}]}},"_links":{"self":[{"href":"https:\/\/www.susanalinares.com\/index.php\/wp-json\/wp\/v2\/pages\/154","targetHints":{"allow":["GET"]}}],"collection":[{"href":"https:\/\/www.susanalinares.com\/index.php\/wp-json\/wp\/v2\/pages"}],"about":[{"href":"https:\/\/www.susanalinares.com\/index.php\/wp-json\/wp\/v2\/types\/page"}],"author":[{"embeddable":true,"href":"https:\/\/www.susanalinares.com\/index.php\/wp-json\/wp\/v2\/users\/1"}],"replies":[{"embeddable":true,"href":"https:\/\/www.susanalinares.com\/index.php\/wp-json\/wp\/v2\/comments?post=154"}],"version-history":[{"count":7,"href":"https:\/\/www.susanalinares.com\/index.php\/wp-json\/wp\/v2\/pages\/154\/revisions"}],"predecessor-version":[{"id":305,"href":"https:\/\/www.susanalinares.com\/index.php\/wp-json\/wp\/v2\/pages\/154\/revisions\/305"}],"wp:featuredmedia":[{"embeddable":true,"href":"https:\/\/www.susanalinares.com\/index.php\/wp-json\/wp\/v2\/media\/268"}],"wp:attachment":[{"href":"https:\/\/www.susanalinares.com\/index.php\/wp-json\/wp\/v2\/media?parent=154"}],"curies":[{"name":"wp","href":"https:\/\/api.w.org\/{rel}","templated":true}]}}